0*r + c*s = -2*r + 41. What is the highest common factor of 91 and r?
13
Suppose -7*k + 8*k = 12. Let m = -161 - -257. Calculate the highest common factor of k and m.
12
Suppose -54 = -2*m + 3*u + 111, 6 = -2*u. What is the highest common factor of m and 195?
39
Let v(o) = 3*o**3 - 3*o**2 + o + 2. Let t be v(2). Let f be (6/4)/(9/84). Suppose f + 10 = a. Calculate the greatest common factor of a and t.
8
Suppose w - 3 = 0, -3*i = i - w - 189. What is the highest common divisor of 64 and i?
16
Let p = 4 + -3. Let y(j) = -p + 5 + 2*j + 4*j - 5*j. Let q be y(0). Calculate the highest common divisor of 1 and q.
1
Let d(l) = -7*l - 2. Let v be d(-8). Suppose -3*r = -m + 42, -5*m - 9 = -4*r - v. Let y = 13 - r. Calculate the highest common divisor of 4 and y.
4
Let y be 4/10 + 66/(-15). Let u = y - -9. Suppose 5*x - 50 = -u*r, 3*x + 2*r - 14 = 2*x. What is the greatest common divisor of x and 15?
3
Let t = -7 - -10. Let p be ((-20)/t)/((-1)/3). Suppose -7*z + p = -3*z. Calculate the highest common divisor of z and 5.
5
Let t = -28 - -52. Suppose -k + 5*k - 6 = -2*b, 5*b - t = -k. Let p be (k - -1) + 3 - -11. What is the highest common factor of p and 56?
14
Let c(q) = q**2 + 2*q - 11. Let n be c(-7). What is the greatest common divisor of n and 96?
24
Let y be (3*-5)/(-2*1/2). What is the highest common factor of 135 and y?
15
Let h = -37 - -57. What is the greatest common divisor of h and 8?
4
Let z = 1 - -12. Suppose -3*v + 170 = 14. What is the highest common divisor of v and z?
13
Suppose -12 = -2*n + n + 3*x, 12 = -3*x. Suppose n = -5*h + 15. Calculate the highest common divisor of 12 and h.
3
Let b = -105 + 114. Calculate the greatest common divisor of 36 and b.
9
Suppose 2*y - 108 = y. Let c be -6*((-2)/(-2) - 3). What is the highest common divisor of c and y?
12
Suppose -8*u = -12*u + 8. Calculate the highest common divisor of 18 and u.
2
Suppose -3*b = 4*c - 98, 4*c + 4*b = -63 + 159. Let o = -8 + c. Calculate the greatest common divisor of o and 36.
18
Suppose 0 = 4*t, -h + 73 + 227 = -3*t. What is the greatest common divisor of h and 120?
60
Let m = 130 + -88. Suppose -6*i + i - z + 93 = 0, 48 = 2*i - 5*z. Let v = i + 9. Calculate the greatest common factor of v and m.
14
Let x(k) = -15*k - 40. Let p be x(-8). What is the highest common divisor of 10 and p?
10
Let z be 6/(-33) + 1157/11. What is the greatest common factor of z and 15?
15
Let u be (-28)/(-6) - (-5)/15. Let o be (-264)/(-9) - (-2)/3. Calculate the greatest common factor of u and o.
5
Suppose -220 = -2*y - 9*y. Let g(u) = u**3 - 5*u**2 + 8*u - 9. Let r be g(6). Let f = r + -45. What is the greatest common divisor of y and f?
10
Let t(z) = z**2 - 12*z + 12. Let i be t(12). What is the highest common divisor of i and 3?
3
Let m = -16 + 24. Suppose 2*g + j = 6*j + 103, -4*g + 4*j + 236 = 0. What is the greatest common factor of m and g?
8
Let h be 10 - -1 - (-10 + 6). What is the greatest common divisor of h and 75?
15
Let w be 12/8*(-124)/(-6). Let v = w + -14. What is the greatest common factor of 17 and v?
17
Let v(l) = -7*l - 68. Let t be v(-11). Calculate the highest common factor of 117 and t.
9
Suppose -5 = -4*i - 5*w, -8*i + 3*i + 4*w = -37. Calculate the highest common divisor of 2 and i.
1
Let u(g) = -g**2 + 8*g - 2. Let j be u(5). Calculate the highest common divisor of 65 and j.
13
Let r(h) = -3*h**3 - h**2 + 3*h + 14. Let s be r(-3). What is the greatest common factor of 22 and s?
11
Let h be (12/(-10))/(6/(-45)). What is the greatest common factor of 18 and h?
9
Let w = -30 + 62. What is the greatest common factor of w and 16?
16
Suppose 0 = 3*s + 5*g - g - 75, -2*g + 139 = 5*s. What is the greatest common divisor of 261 and s?
29
Let m(l) = -l**3 - 11*l**2. Let p be m(-11). Suppose -f + 39 + 21 = p. Calculate the highest common divisor of 20 and f.
20
Suppose -3*s - 3*t + 33 = 0, t - 19 = -2*s - 0*t. What is the highest common divisor of 40 and s?
8
Let i be (-749)/(-4) - (77/(-28) + 3). Calculate the highest common factor of i and 17.
17
Let n(d) = d**2 + 26*d - 29. Let j be n(-31). Calculate the greatest common divisor of 28 and j.
14
Suppose 0 = -2*u + t - 12, -17 + 5 = -u - 4*t. Let h be u/(-2)*(5 - 1). What is the greatest common divisor of 20 and h?
4
Let u = 2 + 2. Suppose 0 = -u*n + 27 + 73. What is the highest common divisor of n and 50?
25
Suppose 0*i = -6*i + 120. Calculate the highest common divisor of i and 8.
4
Let v(u) = u**3 + 2*u + 0*u**3 - 2*u**2 - 2 - 4*u**2. Let r be v(6). Let t be 246/10 - (-28)/70. Calculate the highest common divisor of t and r.
5
Let j = -3 - -3. Suppose 3*d = -j*d + 45. Calculate the greatest common factor of d and 120.
15
Let b(k) = -k**2 - 12*k + 13. Let q be b(-11). Calculate the highest common divisor of 3 and q.
3
Suppose -6*p + 68 = 4*l - 2*p, p - 3 = 0. Let y be (-2)/3 + 32/12. Let g be ((-25)/(-2) - y)*2. What is the greatest common factor of g and l?
7
Suppose 50 = 5*w - x - 69, 3*w = 4*x + 68. What is the highest common divisor of 72 and w?
24
Let w(v) = -2*v**3 - 6*v**2 + 5*v - 3. Let q be w(-5). Let x be -12*(1 - 2)*1. Calculate the greatest common divisor of x and q.
12
Suppose -5*j + 112 = 3*j. Calculate the greatest common factor of j and 7.
7
Let h be (-13 - -13) + (-1 - -3). What is the highest common divisor of 14 and h?
2
Suppose -5*q + q - 335 = -5*y, 25 = -5*y. Let f = -26 - q. Calculate the greatest common factor of 8 and f.
8
Suppose 0 = -2*z - 6 - 6. Let l(m) = m**2 + 7*m + 14. Let i be l(z). What is the greatest common factor of 40 and i?
8
Suppose -b + 0*q + 26 = 3*q, -3*q = 2*b - 46. Let t = 18 - 12. Let p be (t + 0)/(3/10). Calculate the greatest common divisor of b and p.
20
Let r = -3 + 4. Suppose 14 + r = 3*n. Let z(p) = 2*p**3 - 8*p**2 - 9*p + 38. Let q be z(4). What is the highest common factor of q and n?
1
Suppose 0 = 5*k + 4*b - 4 - 20, -3*b = k - 7. Calculate the greatest common factor of 1 and k.
1
Let j(u) = 10*u**2 + 6*u - 13. Let n be j(3). What is the highest common divisor of 38 and n?
19
Let y be 18 + -2 - 2/(-2). Let o(f) = f. Let l be o(-9). Let z be (8/(-5))/(l/765). What is the highest common factor of z and y?
17
Let r = 2 - 0. Suppose -r*k + 5*m + 91 = 0, -5*k + 129 = -3*m - 108. What is the highest common divisor of 6 and k?
6
Let i = -13 + 37. What is the highest common factor of i and 8?
8
Suppose 3*z - z - 4 = 0. Let f be (z - 3)*44/(-4). Calculate the greatest common factor of f and 55.
11
Suppose 0 = -2*a - 3*p + 42, a = 2*p - 5 + 26. Suppose -a = -3*k + 27. What is the greatest common factor of 128 and k?
16
Let y = 19 - -24. What is the greatest common factor of y and 129?
43
Suppose 4*j = 0, -5*g - 2*j = -80 + 25. Calculate the greatest common factor of g and 297.
11
Suppose -10 = -h + 2*r, -3*r + 9 = 3. What is the highest common factor of h and 42?
14
Let s be (-2)/(-6)*-5*-138. What is the greatest common divisor of 46 and s?
46
Let n = -49 - -57. Suppose -p - 48 = -3*p. Calculate the highest common factor of n and p.
8
Let t = -51 - -68. Calculate the greatest common divisor of 17 and t.
17
Suppose -p = 4*r + 7, 4*p + 2*r - 6 = 8. Suppose -p*s + 107 = -68. Let u be 74/10 - 2/5. What is the highest common factor of s and u?
7
Suppose -2*j - 1 = -27. Let r be -2 + (-33)/(-3) + 1. Suppose -3*q + 127 = r. What is the highest common factor of j and q?
13
Let u(z) = -3*z**3 - 52*z**2 + 5*z**3 + 62*z**2 - z**3 - 13*z - 15. Let f be u(-10). Let c = 48 - 25. What is the greatest common divisor of f and c?
23
Suppose -4*u - 4 = -5*u. What is the highest common divisor of 32 and u?
4
Suppose 0*i = -i. Suppose -c + 4*s - 8 + 2 = i, -3*c + 2 = -2*s. Calculate the greatest common divisor of c and 5.
1
Let b(f) = f + 3. Let s be b(9). Suppose -r - s + 0 = 0. Let p = r + 68. What is the greatest common divisor of p and 7?
7
Suppose 5*z - 490 = -2*o - 0*o, -2*z - 3*o = -196. What is the highest common divisor of z and 14?
14
Suppose -3*m - m + 12 = 0. Suppose -m*u + 344 = 2*j, 0*u = u + 4*j - 128. Let f = 6 - -10. What is the greatest common divisor of f and u?
16
Suppose 3*d + 36 = t, d + 42 = -4*t + 134. Calculate the greatest common divisor of t and 16.
8
Let v = -207 + 51. Let i be -1 + (-4)/14 + (-414)/21. Let z = i - v. Calculate the highest common factor of 27 and 